{"id":66,"date":"2025-07-22T11:13:14","date_gmt":"2025-07-22T14:13:14","guid":{"rendered":"https:\/\/amaracuidar.com.br\/?page_id=66"},"modified":"2025-10-14T09:24:31","modified_gmt":"2025-10-14T12:24:31","slug":"amara","status":"publish","type":"page","link":"https:\/\/amaracuidar.com.br\/","title":{"rendered":"Amara"},"content":{"rendered":"\n<p>Um lugar para cuidar da sa\u00fade em suas diferentes demandas, de forma verdadeiramente transdisciplinar, com escuta emp\u00e1tica, conhecimento t\u00e9cnico apurado e constru\u00e7\u00e3o de autonomia na tomada de decis\u00e3o.<\/p>\n\n\n\n<p>E claro, com caf\u00e9 coado e um espa\u00e7o f\u00edsico que abra\u00e7a.<\/p>\n\n\n\n<figure class=\"wp-block-video\"><video height=\"1080\" style=\"aspect-ratio: 1920 \/ 1080;\" width=\"1920\" controls src=\"https:\/\/amaracuidar.com.br\/wp-content\/uploads\/2025\/08\/InShot_20250824_175546182.mp4\" playsinline><\/video><\/figure>\n\n\n\n<p>Em um mundo onde a sabedoria ancestral encontra o cuidado moderno, a Cl\u00ednica Amara emerge como um local onde a longevidade se reflete em cada gesto e em cada atendimento.<\/p>\n\n\n\n<p>O nome Amara, que em Tupi-Guarani significa \u201ceterna\u201d , carrega em si a for\u00e7a dos ciclos naturais. Assim como as grandes \u00e1rvores da floresta, que se renovam a cada esta\u00e7\u00e3o enquanto suas ra\u00edzes permanecem profundas e firmes, a Cl\u00ednica Amara cuida dos diferentes ciclos da vida e o eterno reinventar-se que caracteriza cada pessoa.<\/p>\n\n\n\n<p>Na Amara, entendemos que \u201csa\u00fade\u201d \u00e9 um processo cont\u00ednuo, uma jornada que merece ser acolhida com respeito, empatia e cuidado integral. Desde a primeira consulta at\u00e9 os momentos mais desafiadores, nosso compromisso \u00e9 tratar cada paciente com dedica\u00e7\u00e3o e calor humano, criando um legado de bem estar que transcende o tempo.<\/p>\n\n\n\n<p>Aqui, cuidado transdisciplinar \u00e9 o pilar que sustenta nossa miss\u00e3o.<\/p>\n\n\n\n<p>Em um ambiente onde cada detalhe \u00e9 pensado para proporcionar aconchego e seguran\u00e7a, a Cl\u00ednica Amara \u00e9 um espa\u00e7o que abra\u00e7a.<\/p>\n\n\n\n<p>Amara \u00e9 mais do que uma cl\u00ednica; \u00e9 um lugar onde o cuidado com a sa\u00fade \u00e9 vivido e celebrado, criando mem\u00f3rias e transforma\u00e7\u00f5es que proporcionam longevidade.<\/p>\n\n\n\n<p><\/p>\n","protected":false},"excerpt":{"rendered":"<p>Um lugar para cuidar da sa\u00fade em suas diferentes demandas, de forma verdadeiramente transdisciplinar, com escuta emp\u00e1tica, conhecimento t\u00e9cnico apurado e constru\u00e7\u00e3o de autonomia na tomada de decis\u00e3o. E claro, com caf\u00e9 coado e um espa\u00e7o f\u00edsico que abra\u00e7a. Em um mundo onde a sabedoria ancestral encontra o cuidado moderno,<span class=\"more-link theme-more-link\"><a href=\"https:\/\/amaracuidar.com.br\/\">Continua&#8230;<\/a><\/span><\/p>\n","protected":false},"author":1,"featured_media":230,"parent":0,"menu_order":0,"comment_status":"closed","ping_status":"closed","template":"","meta":{"_joinchat":[],"footnotes":""},"class_list":["entry","author-amaracuidar","post-66","page","type-page","status-publish","has-post-thumbnail"],"_links":{"self":[{"href":"https:\/\/amaracuidar.com.br\/index.php?rest_route=\/wp\/v2\/pages\/66","targetHints":{"allow":["GET"]}}],"collection":[{"href":"https:\/\/amaracuidar.com.br\/index.php?rest_route=\/wp\/v2\/pages"}],"about":[{"href":"https:\/\/amaracuidar.com.br\/index.php?rest_route=\/wp\/v2\/types\/page"}],"author":[{"embeddable":true,"href":"https:\/\/amaracuidar.com.br\/index.php?rest_route=\/wp\/v2\/users\/1"}],"replies":[{"embeddable":true,"href":"https:\/\/amaracuidar.com.br\/index.php?rest_route=%2Fwp%2Fv2%2Fcomments&post=66"}],"version-history":[{"count":10,"href":"https:\/\/amaracuidar.com.br\/index.php?rest_route=\/wp\/v2\/pages\/66\/revisions"}],"predecessor-version":[{"id":328,"href":"https:\/\/amaracuidar.com.br\/index.php?rest_route=\/wp\/v2\/pages\/66\/revisions\/328"}],"wp:featuredmedia":[{"embeddable":true,"href":"https:\/\/amaracuidar.com.br\/index.php?rest_route=\/wp\/v2\/media\/230"}],"wp:attachment":[{"href":"https:\/\/amaracuidar.com.br\/index.php?rest_route=%2Fwp%2Fv2%2Fmedia&parent=66"}],"curies":[{"name":"wp","href":"https:\/\/api.w.org\/{rel}","templated":true}]}}